823678?
2, 67911839
List the prime factors of 1185875179.
179, 6625001
List the prime factors of 267633630.
2, 3, 5, 11, 270337
What are the prime factors of 399512620?
2, 5, 13, 19, 6221
What are the prime factors of 28606634?
2, 7, 101, 20231
List the prime factors of 137902619.
137902619
List the prime factors of 1218332779.
151, 211, 38239
List the prime factors of 382612156.
2, 523, 182893
List the prime factors of 4792492.
2, 1198123
What are the prime factors of 598879398?
2, 3, 13, 89, 86269
List the prime factors of 654606959.
654606959
What are the prime factors of 265798908?
2, 3, 820367
List the prime factors of 47065340.
2, 5, 7, 336181
What are the prime factors of 38967797?
11, 613, 5779
List the prime factors of 976986961.
37, 43, 614071
What are the prime factors of 189947913?
3, 63315971
List the prime factors of 621620366.
2, 83, 3744701
What are the prime factors of 848449591?
11, 97, 101, 7873
List the prime factors of 4108737183.
3, 73, 191, 98227
What are the prime factors of 2632434?
2, 3, 7, 233, 269
What are the prime factors of 10007265?
3, 5, 31, 21521
List the prime factors of 404005283.
11, 379, 96907
What are the prime factors of 1039821103?
4241, 245183
List the prime factors of 28018797.
3, 67, 139397
List the prime factors of 957824571.
3, 11, 3851, 7537
List the prime factors of 123968685.
3, 5, 37, 223367
List the prime factors of 663857743.
663857743
What are the prime factors of 24308216?
2, 31, 98017
List the prime factors of 713070322.
2, 263, 1355647
What are the prime factors of 65309981?
11, 5937271
What are the prime factors of 219472778?
2, 7, 15676627
What are the prime factors of 205242111?
3, 22804679
What are the prime factors of 2751964780?
2, 5, 3259, 42221
What are the prime factors of 1684703216?
2, 7, 2593, 5801
What are the prime factors of 268095814?
2, 7, 17, 19, 101, 587
What are the prime factors of 583850257?
583850257
What are the prime factors of 194931212?
2, 7, 43, 101, 229
List the prime factors of 225176668.
2, 211, 266797
List the prime factors of 67617892.
2, 16904473
What are the prime factors of 270702860?
2, 5, 1459, 9277
What are the prime factors of 62843937?
3, 13, 167, 9649
What are the prime factors of 29318367?
3, 13, 751753
List the prime factors of 1856715933.
3, 618905311
List the prime factors of 4668371.
4668371
What are the prime factors of 2769587870?
2, 5, 7, 29, 1364329
List the prime factors of 34209522.
2, 3, 1900529
What are the prime factors of 105177085?
5, 13, 89, 18181
List the prime factors of 94884716.
2, 223, 106373
What are the prime factors of 147610120?
2, 5, 7, 527179
List the prime factors of 68100672.
2, 3, 41, 211
What are the prime factors of 197483249?
197483249
What are the prime factors of 29541868?
2, 7385467
What are the prime factors of 2238913550?
2, 5, 44778271
What are the prime factors of 504364521?
3, 983, 171029
List the prime factors of 3049152369.
3, 1016384123
List the prime factors of 7666539262.
2, 23, 3083, 54059
List the prime factors of 370760964.
2, 3, 7, 43, 102647
What are the prime factors of 740577274?
2, 37, 10007801
List the prime factors of 329316880.
2, 5, 347, 11863
List the prime factors of 1143459513.
3, 7, 23, 789137
List the prime factors of 70103301.
3, 3907, 5981
What are the prime factors of 322674935?
5, 11, 23, 23189
What are the prime factors of 114696528?
2, 3, 31, 77081
What are the prime factors of 463612801?
1987, 233323
What are the prime factors of 509993806?
2, 7, 36428129
List the prime factors of 1517829877.
19, 61, 373, 3511
List the prime factors of 110915711.
19, 487, 11987
List the prime factors of 133902315.
3, 5, 330623
What are the prime factors of 53889184?
2, 17, 23, 59, 73
List the prime factors of 323447477.
449, 720373
What are the prime factors of 444080093?
79, 5621267
List the prime factors of 160389394.
2, 11, 919, 7933
List the prime factors of 1614729370.
2, 5, 161472937
What are the prime factors of 225006267?
3, 75002089
List the prime factors of 13059932.
2, 3264983
What are the prime factors of 351270011?
29, 59, 239, 859
List the prime factors of 1296575854.
2, 7, 92612561
What are the prime factors of 1240984206?
2, 3, 7, 11, 157, 1901
What are the prime factors of 94778378?
2, 47389189
List the prime factors of 611661255.
3, 5, 40777417
List the prime factors of 174555249.
3, 11, 283, 18691
List the prime factors of 135526849.
509, 266261
List the prime factors of 120558567.
3, 2003, 20063
List the prime factors of 180606872.
2, 151, 307, 487
List the prime factors of 1920018309.
3, 11, 58182373
What are the prime factors of 22645756?
2, 7, 808777
What are the prime factors of 443738112?
2, 3, 72223
What are the prime factors of 477871022?
2, 563, 424397
List the prime factors of 98481060.
2, 3, 5, 101, 5417
What are the prime factors of 24684628?
2, 6171157
List the prime factors of 1236062447.
29, 47, 906869
List the prime factors of 197585696.
2, 7, 11, 17, 53, 89
List the prime factors of 29982554.
2, 7, 79, 27109
List the prime factors of 139227839.
19, 7327781
What are the prime factors of 73254952?
2, 47, 194827
What are the prime factors of 5485066203?
3, 10369, 176329
What are the prime factors of 126030356?
2, 197, 159937
List the prime factors of 1577130300.
2, 3, 5, 137, 12791
What are the prime factors of 718489856?
2, 7, 400943
List the prime factors of 7870437729.
3, 7, 11, 11357053
What are the prime factors of 148612488?
2, 3, 6192187
What are the prime factors of 379586626?
2, 29, 37, 79, 2239
List the prime factors of 1237699449.
3, 7, 19646023
What are the prime factors of 2267577907?
7, 71, 179, 359
What are the prime factors of 192662404?
2, 11, 37, 118343
List the prime factors of 14939245.
5, 2987849
List the prime factors of 864229152.
2, 3, 379, 23753
List the prime factors of 31842633.
3, 10614211
List the prime factors of 3545662.
2, 421, 4211
What are the prime factors of 149383922?
2, 74691961
List the prime factors of 1257490700.
2, 5, 73, 172259
List the prime factors of 1104423430.
2, 5, 11, 23, 436531
List the prime factors of 3474025.
5, 79, 1759
List the prime factors of 50346858.
2, 3, 79, 106217
List the prime factors of 100553952.
2, 3, 43, 24359
What are the prime factors of 1035393868?
2, 277, 347, 2693
What are the prime factors of 104461201?
13, 8035477
What are the prime factors of 227659622?
2, 113829811
What are the prime factors of 262887401?
7, 19, 23, 12277
List the prime factors of 109793506.
2, 31, 479, 3697
What are the prime factors of 3913172637?
3, 11, 313, 457, 829
What are the prime factors of 13570071?
3, 4523357
List the prime factors of 133075002.
2, 3, 31, 715457
What are the prime factors of 82672417?
29, 2850773
List the prime factors of 2108982577.
13, 19, 103, 4363
What are the prime factors of 58986332?
2, 2803, 5261
What are the prime factors of 215449446?
2, 3, 37, 970493
List the prime factors of 65349624.
2, 3, 23, 118387
What are the prime factors of 16482062?
2, 1483, 5557
List the prime factors of 137833390.
2, 5, 41, 53, 6343
What are the prime factors of 34901863?
59, 101, 5857
What are the prime factors of 6813317890?
2, 5, 197, 3458537
List the prime factors of 228375525.
3, 5, 7, 62143
What are the prime factors of 92119689?
3, 29, 352949
List the prime factors of 64063568.
2, 4003973
What are the prime factors of 44871052?
2, 79, 149, 953
What are the prime factors of 105121308?
2, 3, 163, 223, 241
What are the prime factors of 3167659399?
193, 16412743
List the prime factors of 443224345.
5, 157, 564617
List the prime factors of 81021923.
81021923
List the prime factors of 22224306.
2, 3, 13, 284927
What are the prime factors of 5196644827?
11, 472422257
What are the prime factors of 91661658?
2, 3, 11, 181, 7673
List the prime factors of 21422244.
2, 3, 17, 173, 607
What are the prime factors of 3328145358?
2, 3, 1409, 393677
What are the prime factors of 5532317131?
11, 223, 449, 5023
What are the prime factors of 53017523?
13, 277, 14723
List the prime factors of 995829118.
2, 497914559
List the prime factors of 64770276.
2, 3, 37, 145879
List the prime factors of 1895127683.
17, 111478099
What are the prime factors of 11050867?
17, 283, 2297
What are the prime factors of 327491197?